 -k**3 + k**2 + k + 1. Suppose -v = -0*z + 3*z - 13, 3*z = 2*v + 19. Let u(f) = z*r(f) + o(f). Calculate u(-3).
8
Let l(z) = 4*z + 11. Let k(u) = 1. Let h(s) = -15*s - 34. Let g(c) = -h(c) + 5*k(c). Let x(o) = -5*g(o) + 18*l(o). Determine x(5).
-12
Let k(i) be the first derivative of i**3/3 + 13*i**2/2 + 16*i + 192. Calculate k(-12).
4
Suppose -9*d + 4*d = -400. Let c(z) = 0 + 0 + d*z - 82*z. Give c(-5).
10
Let x(o) = -3*o - 8. Let y(b) be the third derivative of -b**4/4 - 17*b**3/6 + 5*b**2. Let d(c) = -7*x(c) + 3*y(c). Calculate d(-4).
-7
Let i(j) = -j**2 + 3*j - 2. Let c = 171 - 168. Calculate i(c).
-2
Let b = -20 + 23. Suppose 0*j = -b*j + 15. Let t(x) be the third derivative of -x**5/60 + 5*x**4/24 + x**3/3 + 3*x**2. Give t(j).
2
Suppose -h - 15 = -5*v, -v - 21 = -7*h + 2*h. Let b(s) be the first derivative of -s**4/4 + 2*s**3/3 + 3*s**2 - 2*s - 5. Give b(v).
-10
Let l(d) = -17*d**2 - 4*d - 4. Let x(s) = 37*s**2 + 6*s + 9. Let j(g) = -13*l(g) - 6*x(g). Determine j(16).
-2
Let z(b) = -2*b**2 + 1. Let f(g) = 9*g**2 - 2*g - 8. Let r(m) = -f(m) - 4*z(m). Calculate r(2).
4
Let z(h) = 4*h - 8. Suppose -48*l = 53 - 389. Give z(l).
20
Let p(t) = t - 12. Let c be p(13). Let r(i) = -28*i + 5. Let v(f) = 29*f - 6. Let b(y) = -5*r(y) - 4*v(y). What is b(c)?
23
Let w(q) = -q**2 + 4*q. Suppose 2*s = 2*u + 8, -2*s + 0*u - 3*u + 8 = 0. Let k be 90/s*4/6. Let m = k + -13. Determine w(m).
4
Suppose 6*h - 9*h = -24. Suppose -b + 0 + h = 0. Let o(l) = -l**2 + 7*l + 11. Calculate o(b).
3
Let m = 53 + -13. Suppose -w + 32 = 3*w - 2*z, 5*w + z - m = 0. Let b = -11 + w. Let i(a) = 2*a - 2. Calculate i(b).
-8
Let s(d) = -d**3 - 2*d**2 + 3*d + 3. Suppose 46*t + 12 = 43*t. Give s(t).
23
Let b(m) = -m**2 - 10*m - 2. Let t(y) = y**2 + 15*y + 47. Let c be t(-7). Calculate b(c).
7
Let p(w) = -3*w**2 - 9*w. Let r(f) = 2*f**2 + 8*f. Let x(d) = 3*p(d) + 4*r(d). Let k(i) = 23*i + 2. Let m be k(2). Let l be (-2)/3 + 320/m. Give x(l).
-6
Let r(w) = -w**3 + w**2 + w. Suppose 0 = -t + 5*c + 7, 4*t + 5*c = -0 + 3. Give r(t).
-2
Let p(y) = -74*y + 15*y**2 + 72*y + 12*y**2 - 32*y**2 + 5 - y**3 + 7*y**2. What is p(2)?
1
Let d(p) = 13*p**3 - 4*p**2 - 2*p + 3. Let x(t) = -25*t**3 + 7*t**2 + 3*t - 5. Let r(m) = 7*d(m) + 4*x(m). Determine r(1).
-10
Let w(v) = -9*v**2. Suppose 4*i - 5*l - 4 = 0, -2*i + 12*l - 8*l = -2. Give w(i).
-9
Let k(j) = 3*j**2 + 1 - 2*j + 0 - 2*j**2 + 3*j**2. Give k(1).
3
Let g(b) = -11*b - 8 + 17*b + b**2 - 1 + 3 + 4*b. Give g(-11).
5
Let p(v) be the first derivative of -v**2/2 - 6*v - 6. Calculate p(7).
-13
Let f(l) = -5*l - 9. Suppose -2*x + c = 8, x + 14*c = 13*c - 1. Calculate f(x).
6
Let p(a) = 2*a**3 - 4*a**2 + 5*a - 8. Let o be p(3). Let q = -23 + o. Let i(u) = -u**3 + 2*u**2 + 2. Calculate i(q).
2
Let u = -31 - -32. Let d(p) = -p**2 - 8 + u - 26*p - 2 + 34*p. What is d(6)?
3
Let b(m) = -m**2 - m + 3. Let s be b(0). Let f(w) = 3 - 3*w**2 + 29*w + 7*w - 37*w + w**3. What is f(s)?
0
Let h be (-6820)/(-24) + 2/(-12). Let v(i) = -6 + 142*i + 143*i - h*i. Determine v(11).
5
Let q be (5 - 51/18) + (-2)/12. Let v(u) = 12*u**2 + 3*u + 1. Let m(t) = 6*t**2 + t. Let y(b) = q*v(b) - 5*m(b). Give y(2).
-20
Let q(f) = 2*f**2 + f. Let w be q(1). Suppose 0 + 9 = -w*s. Let d(x) = -x**2 - 5*x - 4. Give d(s).
2
Let j(r) = -15*r - 6. Let x be j(0). Let d(k) = k**3 + 5*k**2 - 5*k + 14. What is d(x)?
8
Let h(n) = -22*n - 8 + 6*n + 8*n + 9*n. What is h(3)?
-5
Suppose 3*j + 4*a - 2*a = -11, -5*j = -a + 27. Let c(y) = 2 + 11 - 2 + y - 2. What is c(j)?
4
Let w(s) be the third derivative of 0*s + 0 + 7/3*s**3 - 12*s**2 - 1/24*s**4. Suppose 0*z = 2*z - 3*n - 18, -3*n = -3*z + 24. Give w(z).
8
Suppose -5 = 5*w - 5*q, w + 4*q - 14 + 0 = 0. Let c(z) = -3*z + 5*z - 2*z + z + 1. Determine c(w).
3
Suppose -3*d + 18 = 4*y + 44, -4*y + 14 = -d. Let q(v) = -v**2 - 9*v + 7. What is q(d)?
-3
Let a(c) be the second derivative of -10*c + 0 + c**2 - 1/6*c**3. Calculate a(2).
0
Let c(t) be the first derivative of -7 + 0*t + 1/10*t**5 + 1/24*t**4 - t**2 + 4/3*t**3 + 1/120*t**6. Let g(m) be the second derivative of c(m). Determine g(-6).
2
Let p(n) be the first derivative of -n**3/3 - 2*n**2 + 5*n + 144. Let u = -8 - -3. What is p(u)?
0
Let c(b) = -b**2 - 3*b. Let d be 2799/27 - 2/3. Let f = d + -109. What is c(f)?
-18
Suppose -26*w + 25*w - 2 = 0. Let u(n) = n**3 + 4*n**2 + n - 3. Determine u(w).
3
Let u(q) = -4*q**2 - 5*q - 1262 - 8*q + 5*q**2 + 1270. Give u(11).
-14
Let m = 84 - 90. Let i be ((-3)/m)/(-1)*(10 - 2). Let y(r) = r**3 + 3*r**2 - 5*r + 3. Determine y(i).
7
Let f be (-1 + (-15)/(-9))/((-7)/21). Let p(l) = l + 2. Let o(d) = -2. Let j(z) = 3*o(z) + 2*p(z). Calculate j(f).
-6
Let b(r) = -5*r**2 + 21*r - 5. Let u = -852 - -859. Let f(h) = -2*h**2 + 10*h - 2. Let k be (-1)/2 - (-10)/(-4). Let z(l) = k*b(l) + u*f(l). Give z(-3).
-11
Suppose -2*u - 14 = -3*n - 0*n, 0 = -3*u - 12. Let y(j) = 0*j**n + 2*j - 5 + 4*j - j**2 + 10. What is y(6)?
5
Let h(k) be the second derivative of -k**4/12 - 4*k**3/3 + 11*k**2/2 - 49*k - 1. Determine h(-8).
11
Let n be 12/5 + 14/(-35). Let m be 0 + -3 - 4/n. Let b(c) = c**3 + 4*c**2 - 7*c + 1. Give b(m).
11
Let m be (-3)/6*(-8)/(-1). Let a be (m/(-6))/((-5)/(-60)). Let k(s) = 3*s + a*s - 6*s - 2 - s**2. What is k(3)?
4
Let t(x) be the first derivative of x**4/4 + 14*x**3/3 + 11*x**2/2 - x - 431. Calculate t(-13).
25
Suppose -5*b = -2*b - 27. Let y(v) = 8*v**2 + b*v**3 - 1 + 2*v**2 - 8*v**2. Determine y(-1).
-8
Let h(l) = -l**3 + 12*l**2 - 6*l - 12. Let y(p) be the third derivative of p**5/60 - p**3/6 - 10*p**2. Let u(z) = -h(z) + 5*y(z). Determine u(6).
7
Let r(v) = -2*v + 12. Let j be r(5). Let m(d) = -2*d**2 + 9*d + 3*d**2 - 9*d + 1 + j*d. Give m(-1).
0
Let a be 1/(3*5/30). Suppose -17 = -i + 2*w - 4, w + 11 = a*i. Let s(y) = -6*y + 7. Let q(u) = 5*u - 6. Let t(c) = 4*q(c) + 3*s(c). Give t(i).
3
Let r(f) = -f**2 + 11*f - 1. Suppose -3*b = 15, 4*p = 8*b - 3*b + 69. Give r(p).
-1
Let q(f) = f + 3. Suppose -3*l + 2*z - 12 = 0, 0 = -3*l + 4*z - 9 - 9. Determine q(l).
1
Suppose -z + 5*j + 5 = 28, 2*z - 2*j + 22 = 0. Let x be (-13 + 1)*z/24. Let v(g) = -g**2 - 10*g + 18*g**3 - 3*g**2 - 2 + 9*g - 17*g**3. Determine v(x).
-6
Let a(k) be the second derivative of 2/3*k**3 - 7*k - k**2 - 1/20*k**5 + 0 + 5/12*k**4. Give a(6).
-14
Let l(n) be the third derivative of n**4/24 - 5*n**3/6 + 2*n**2 - 3. Determine l(-6).
-11
Suppose 3*i = 2*c + 27 - 1, 36 = 4*i - 4*c. Let s = i + -5. Suppose -k - s*k = -b + 6, 4*b - 7 = -k. Let z(f) = -4*f**3 + 2*f + 1. Give z(k).
3
Let p = -12 + 13. Suppose -5*a - 10 = -3*n, 5 - p = -5*n - 2*a. Let l(c) = -c**3 - c**2. Calculate l(n).
0
Let j(l) = l - 4. Let r be j(6). Let v(a) be the second derivative of 0 + 9*a + 1/6*a**3 + 0*a**2. Give v(r).
2
Let l(z) be the third derivative of 0*z**3 + 0*z + 0 + 1/12*z**4 - 5*z**2. Give l(1).
2
Suppose 4*y - 2*i - 21 = -37, 8 = -2*y + 3*i. Let w(b) = 8*b + 5. Calculate w(y).
-27
Suppose -3*h - 2*h + 85 = 0. Let q(i) = -17*i - 36. Let k(x) = 3*x + 3. Let b(z) = -6*k(z) - q(z). Let j be b(h). Let t(o) = -o**3 + 1. Give t(j).
0
Let b(p) = 0*p**2 - 5*p**2 - 2287*p + 13 + 2271*p + 3*p**2. What is b(-9)?
-5
Let g(f) be the second derivative of 13/6*f**3 - 15/2*f**2 + 0 + 51*f - 1/12*f**4. Give g(12).
-3
Let p(m) = 7*m**2 + 7 + 2 - 2*m**2 - 9*m - 4*m**2. Suppose 4*t = -3*g + 22, g + t - 4 = 3*t. Give p(g).
-9
Let y(n) = n**2 - 6*n - 8. Let o(h) be the first derivative of h**3 - 17*h**2/2 - 22*h + 17. Let j(d) = -4*o(d) + 11*y(d). Calculate j(3).
-3
Let x(c) be the first derivative of 1/2*c**2 + 1/3*c**3 + 45 + c. Determine x(-3).
7
Let w be 19/(-6)*-1 + 8/(-48). Let l(f) = -f**3 + 4*f + 1. Calculate l(w).
-14
Suppose -42*g + 12 = -38*g. Let r(h) = -7*h**2 - 6 - 4 + 5 + 2*h**g - h**3 - 6*h. Calculate r(8).
11
Let v(z) = 15*z**3 + 7*z**2 - z - 1. Let q(u) = -14*u**3 - 6*u**2 + u + 1. Let d(n) = 7*q(n) + 6*v(n). Give d(-1).
8
Let d = -28 + 75. Let p = -52 + d. Let l(v) = v**3 + 6*v**2 + 4*v - 6. Determine l(p).
-1
Let u(a) = -2*a + 3. Suppose 2*m + 2*t - 2 = 0, -m + 4 = 4*m + 4*t. Determine u(m).
3
Let x(o) = o**3 - 7*o**2 + 4*o - 8. Suppose -4*r - 3 = y, y + 2*r = 4*r + 9. Suppose -y*w + 7*w - 12 = 0. Give x(w).
-20
Let u(d) = -d**2 + 3*d + 3. Let f be -3 + 6 + -3 + -2*1. Determine u(f).
-7
Let p be (-2)/(-1